{"id":2,"date":"2024-03-18T11:40:18","date_gmt":"2024-03-18T10:40:18","guid":{"rendered":"http:\/\/localhost\/pardonueva\/?page_id=2"},"modified":"2026-03-11T12:12:15","modified_gmt":"2026-03-11T17:12:15","slug":"pagina-ejemplo","status":"publish","type":"page","link":"https:\/\/www.cmpardo.com\/web\/pagina-ejemplo\/","title":{"rendered":"Documentos Oficiales"},"content":{"rendered":"\n<p><a href=\"https:\/\/www.cmpardo.com\/web\/wp-content\/uploads\/2026\/03\/BOLETIN-DE-CONVIVENCIA2026.pdf\">Boletin de Convivencia Democr\u00e1tica 2026<\/a><\/p>\n\n\n\n<p><a href=\"https:\/\/www.cmpardo.com\/web\/wp-content\/uploads\/2025\/11\/INFORMACION-PP.FF-MATRICULA-Y-PENSION-2026.pdf\">Condiciones econ\u00f3micas : Matricula y Pensi\u00f3n 2026<\/a><br><br><a href=\"https:\/\/www.cmpardo.com\/web\/wp-content\/uploads\/2025\/11\/BOLETIN-INFORMATIVO-2026-COLEGIO-MANUEL-PARDO.pdf\">Bolet\u00edn Informativo 2026<\/a><br><br><a href=\"https:\/\/www.cmpardo.com\/web\/wp-content\/uploads\/2026\/01\/06-GUIA-EDUCATIVA-2026.pdf\">Guia Educativa 2026.<\/a><br><br><a href=\"https:\/\/www.cmpardo.com\/web\/wp-content\/uploads\/2025\/03\/comunicado-respecto-a-derechos-de-autor-2025-1.pdf\">Comunicado respecto a los derechos de Autor<\/a><\/p>\n\n\n\n<p><a href=\"https:\/\/www.cmpardo.com\/web\/wp-content\/uploads\/2025\/03\/BOLETIN-DE-CONVIVENCIA-ESCOLAR-2025-FINAL.pdf\">Boletin de Convivencia Escolar <\/a><\/p>\n\n\n\n<p><a href=\"https:\/\/www.cmpardo.com\/web\/wp-content\/uploads\/2025\/06\/DocFunCOl2024ok.pdf\">Documentos de Funcionamiento del Colegio <\/a><\/p>\n\n\n\n<p><\/p>\n\n\n\n<p><\/p>\n","protected":false},"excerpt":{"rendered":"<p>Boletin de Convivencia Democr\u00e1tica 2026 Condiciones econ\u00f3micas : Matricula y Pensi\u00f3n 2026 Bolet\u00edn Informativo 2026 Guia Educativa 2026. Comunicado respecto a los derechos de Autor Boletin de Convivencia Escolar Documentos de Funcionamiento del Colegio<\/p>\n","protected":false},"author":1,"featured_media":0,"parent":0,"menu_order":0,"comment_status":"closed","ping_status":"open","template":"","meta":{"footnotes":""},"class_list":["post-2","page","type-page","status-publish","hentry"],"_links":{"self":[{"href":"https:\/\/www.cmpardo.com\/web\/wp-json\/wp\/v2\/pages\/2","targetHints":{"allow":["GET"]}}],"collection":[{"href":"https:\/\/www.cmpardo.com\/web\/wp-json\/wp\/v2\/pages"}],"about":[{"href":"https:\/\/www.cmpardo.com\/web\/wp-json\/wp\/v2\/types\/page"}],"author":[{"embeddable":true,"href":"https:\/\/www.cmpardo.com\/web\/wp-json\/wp\/v2\/users\/1"}],"replies":[{"embeddable":true,"href":"https:\/\/www.cmpardo.com\/web\/wp-json\/wp\/v2\/comments?post=2"}],"version-history":[{"count":24,"href":"https:\/\/www.cmpardo.com\/web\/wp-json\/wp\/v2\/pages\/2\/revisions"}],"predecessor-version":[{"id":1852,"href":"https:\/\/www.cmpardo.com\/web\/wp-json\/wp\/v2\/pages\/2\/revisions\/1852"}],"wp:attachment":[{"href":"https:\/\/www.cmpardo.com\/web\/wp-json\/wp\/v2\/media?parent=2"}],"curies":[{"name":"wp","href":"https:\/\/api.w.org\/{rel}","templated":true}]}}